*i - y + 66 = -3*y. Calculate the highest common divisor of i and 930.
15
Suppose x + 482 = 4*o, 0 = 16*o - 15*o - 4*x - 128. Calculate the greatest common factor of o and 25.
5
Let p(q) = -2*q**3 + 8*q**2 + 3*q - 31. Let s be p(-7). Calculate the highest common divisor of 38 and s.
38
Suppose 7*c - 2*c + 505 = 4*w, 0 = 2*c - 6. Let v = w + -128. Calculate the highest common divisor of 40 and v.
2
Suppose 0 = z - 5*i - 19, 2*z + 8*i = 3*i + 98. What is the greatest common factor of 195 and z?
39
Suppose -3*y - 4*m + 2 + 9 = 0, -2*y = -3*m - 13. Suppose 5*i - y = -2*s - 2, -3*s - 4*i + 8 = 0. What is the greatest common factor of 28 and s?
4
Suppose b = 11 - 8. Suppose 9 = b*j, -219 = -2*u + 6*j - j. What is the greatest common divisor of u and 9?
9
Let s be (3 + 0 - 2)*23. Suppose 4*v = 5*c - 232, -4*v - 2*c = -v + 151. Let r = v + 99. Calculate the highest common divisor of s and r.
23
Let l = -579 - -648. Calculate the greatest common divisor of l and 3.
3
Let g be -30 + 0 + 2/(-1). Suppose 3*a + 5*p = -175, -5*a + 2*p = 282 + 20. Let v = g - a. Calculate the highest common factor of v and 4.
4
Suppose -520*o - 4896 = -526*o. What is the greatest common factor of 68 and o?
68
Let h(o) = -o**3 + 5*o - 377 - 6*o**2 + 187 + 186. Let y be h(-7). What is the greatest common divisor of 110 and y?
10
Let m be 2/(-3 + 1)*-2. Let q be 2/(-3)*39*2/(-4). Suppose -1 = -m*k + q. Calculate the highest common factor of 63 and k.
7
Suppose -24 = 5*a - 64. Let v be 113/4 - ((-2)/a)/(-1). Calculate the greatest common factor of 28 and v.
28
Let h(i) = i**2 + i - 52. Let z be h(11). Let r = -67 - -160. Let t = -61 + r. What is the highest common divisor of t and z?
16
Suppose 346 = 10*u - 424. Calculate the highest common factor of 21 and u.
7
Let l be (-166)/664 + ((-2406)/(-8))/3. What is the greatest common divisor of 160 and l?
20
Let n be (-10)/35 - (-1917)/21. What is the highest common factor of n and 7?
7
Let o = 1061 + -696. Calculate the greatest common factor of o and 10.
5
Let w(x) = -x**3 + 2*x**2 + 10*x - 5. Let p be w(4). Suppose -2*c - 6 = -p*a, -2 = -a - 0*c + 5*c. What is the highest common factor of a and 8?
2
Let a be -5 + 5 + (1 - (-1 + -24)). Suppose 7*x - a = -5. What is the highest common factor of 2 and x?
1
Suppose 4*d + 4*h - 74 = d, 2*d - 48 = -4*h. Suppose 48 = d*f - 25*f. Let c = -5 + 13. Calculate the greatest common factor of f and c.
8
Let p be 8*(-6 - (2 + (-39)/4)). Calculate the highest common factor of 91 and p.
7
Let u(n) = -2*n - 21. Let i(l) = -2*l - 21. Let w(m) = 7*i(m) - 6*u(m). Let t be w(-15). What is the greatest common divisor of t and 81?
9
Suppose -4*j + 3*r + 124 = 0, -11*j + 8*j - 4*r + 68 = 0. Calculate the highest common factor of 364 and j.
28
Suppose 0 = -q - 4*q + 410. Suppose -q = 4*r - 266. Calculate the highest common factor of r and 23.
23
Let j(y) = 36*y**3 + 8*y**2 - 9*y. Let a be j(1). Suppose 5*c - 59 = 11. Calculate the highest common divisor of c and a.
7
Let u be (-51)/15 + (-8)/(-20). Let m = u - -5. Let p be (-1)/(m/(-20)) + 2. What is the highest common factor of 18 and p?
6
Suppose 1609 = 3*l + 403. Let a = l - 713. Let n = -127 - a. Calculate the greatest common divisor of 23 and n.
23
Suppose 27 - 427 = -8*v. Suppose -j + 3*j = 0. Suppose j = 2*t + r - 49, -r - 14 = t - 38. What is the highest common factor of v and t?
25
Let w(x) = -2*x - 33. Let o be w(-16). Let h be (0 + 1)/(o/(-8)). What is the greatest common factor of h and 72?
8
Let g(s) = -s**3 - 30*s**2 - 33*s - 18. Let p be g(-29). Calculate the greatest common divisor of 14 and p.
14
Let n = 2 - -2. Let y(u) = 98 + n*u - 98. Let s be y(2). Calculate the highest common factor of s and 64.
8
Let x be (-263)/(-2) - 5/(-10). Calculate the greatest common factor of x and 44.
44
Suppose -t + 4*t + c - 1508 = 0, t + 2*c - 496 = 0. Suppose 0 = 9*a - 2*a - t. What is the greatest common factor of a and 18?
18
Suppose -160 = -3*w + 2*g, 321*w + 4*g = 320*w + 72. Calculate the highest common factor of w and 952.
56
Suppose -2*d + d - 3*g = -15, -5*d - g = -117. Let s be 1/3 - 1150/(-6). Calculate the greatest common divisor of s and d.
24
Suppose -2*y = 3*a - 172, -13*y = -a - 18*y + 79. What is the highest common divisor of a and 108?
54
Suppose 8*g - 14*g = 12. Let j(s) = 2*s**2 - 5*s - 2. Let n be j(g). What is the greatest common divisor of n and 24?
8
Let m = -2 + 2. Suppose m*a - a = 2*v - 131, 311 = 5*v - 3*a. Suppose 4*f = -5*r + 74, 53 = 3*f + 5*r - 5. Calculate the highest common factor of f and v.
16
Let i = 8 - 1. Let k = -439 - -979. Suppose 4*d + k = i*d. What is the greatest common factor of d and 20?
20
Suppose 0 = -5*h + 76 + 29. Suppose 10*v = 22 + 48. What is the highest common divisor of h and v?
7
Suppose 4*a - 54 = 7*a. Let u = a - -14. Let v(z) = 6*z**2 + 4*z. Let g be v(u). What is the highest common divisor of 16 and g?
16
Suppose -35 = -2*f - 3*f. Let n(t) = -t**2 + 8*t + 11. Let i be n(9). Suppose -i*z + 84 = 2*z. What is the greatest common factor of f and z?
7
Let c(h) = 5*h - 32. Let t be c(8). What is the highest common divisor of t and 104?
8
Let v be 74/9 + 82/(-369). What is the highest common factor of 28 and v?
4
Let u = 74 + -32. Let h = 1976 + -1970. Calculate the highest common factor of u and h.
6
Suppose 131*i = 123*i + 440. Calculate the highest common divisor of 33 and i.
11
Let d(m) = m - 7. Let w be d(9). Suppose -14 = -0*o + w*o. Let u(f) = -f**3 - 5*f**2 - 7*f - 4. Let z be u(o). What is the greatest common factor of 13 and z?
13
Let p be 40 + -44 + 1034/2. What is the greatest common divisor of 57 and p?
57
Let i = -50 - -115. Let z be ((-26)/(-4))/(1/4). What is the highest common factor of i and z?
13
Let c(f) = f**3 + 5*f**2 - f + 9. Let u = 4 - 9. Let a be c(u). Let n(t) = t**2 - 2*t + 4. Let j be n(-4). Calculate the highest common divisor of j and a.
14
Let x(c) = -13*c. Let a be x(-1). Suppose -478 = -4*q + 4*k - 2*k, 0 = q + 3*k - 102. Calculate the highest common factor of q and a.
13
Let u = 34 - 26. Let f(s) = 2*s + 1. Let r be f(-5). Let v = 10 + r. Calculate the greatest common factor of u and v.
1
Let m(q) = -317*q**2 - 2 + q + 41*q**2 + 3. Let t be m(-1). Let l = -188 - t. Calculate the highest common divisor of l and 22.
22
Let i = -1136 + 1792. What is the greatest common factor of i and 41?
41
Let a = 588 + -299. Let r = -155 + a. Suppose 352 = 2*c + 3*c - 4*g, -2*c = -5*g - r. Calculate the highest common factor of 9 and c.
9
Suppose 18*d = 131 + 31. What is the greatest common divisor of 1098 and d?
9
Suppose 29*k = 30*k - 3, -4*k + 3917 = 5*l. What is the highest common divisor of l and 22?
11
Suppose -5*m = -2*m - 165. Suppose m = -4*d - d. Let s = d - -27. Calculate the greatest common factor of 176 and s.
16
Let a be 2/10*-2 + (-198)/(-45). Suppose -2*c + c = 2*w - 72, 22 = w + a*c. What is the greatest common divisor of w and 266?
38
Suppose -2*y + 2*d = -3 + 1, 0 = y - 5*d + 7. Suppose -y*a + 84 = -0. Suppose 0 = 4*q + q - 20. Calculate the greatest common factor of a and q.
4
Let u be (-10)/(-3)*(-66)/55. Let t be (-243)/12*u/(-1). Let y be 12 + -15 - t/1. Calculate the greatest common divisor of 52 and y.
26
Let a(w) = w**2 - w - 34. Let j be a(12). Let z = j - 68. What is the greatest common divisor of z and 15?
15
Let c = -101 - -103. Let f be (-8 + 190)*1/c. Calculate the greatest common divisor of f and 26.
13
Suppose 4*m = -2*v + 6, -2*v + 5*v - m - 44 = 0. Let f = 70 - v. Calculate the highest common divisor of f and 19.
19
Suppose -3*m + 4*d - 11 = 0, 8 = 4*m - 3*m + d. Suppose 2*i - 2*l - 38 + 2 = 0, -2*i - m*l = -46. Calculate the greatest common divisor of i and 50.
10
Let m(x) = -2*x**3 - 8*x**2 - 8*x - 21. Let d be m(-8). What is the highest common divisor of d and 15?
15
Let h = 471 - 303. Suppose x = 0, -2*o - 4*x + 10 = -0*o. Suppose -2*r + o = -5*i - 42, 5*r = -2*i + 103. Calculate the greatest common divisor of h and r.
21
Suppose -12*y = 4*y - 1856. Let q = y - 103. Calculate the highest common factor of q and 325.
13
Let r = 95 - -145. Calculate the highest common divisor of r and 96.
48
Suppose 5*f = 5*y + 971 + 1479, -5*y + 1924 = 4*f. Calculate the greatest common factor of f and 18.
18
Suppose 4*c + 54 = 2*c. Let v = c + 41. Calculate t